-5)) + 2.
-3
What is the value of -3 - -4 - (-7 + (2 - 2))?
8
What is 11 + (-5 + 17 - 14)?
9
What is the value of 3 - (1 - -1 - (-2 - 1))?
-2
What is (0 - -1) + 1 + 3 + -2?
3
What is -1 + 1 - (3 + 2) - -2?
-3
What is -2 + (4 - -1) + -1?
2
What is the value of (2 - (-1 - -3)) + 0?
0
-4 + 2 + (3 - 7) + 3
-3
What is the value of -3 - (7 + -8 - -3)?
-5
6 + (1 - (2 - (-1 + -2)))
2
Evaluate 5 - (-4 - (-4 - (-3 + 4))).
4
Calculate (2 - (2 + 0)) + -3.
-3
Evaluate 7 + 0 + 1 + -5.
3
What is 2 - ((-6 - -3) + 1 - -1)?
3
-1 - 1 - (4 + -1) - -2
-3
Calculate 26 + -20 + (3 - 5 - -2).
6
What is the value of -1 - -1 - (-4 + 12 + -3)?
-5
-3 + (5 - 3) + -3 + 2
-2
Evaluate -13 + (7 - -7) + 0 + -1.
0
Evaluate (1 - 0) + -55 + 53.
-1
Evaluate 10 - 2 - (-20 - -31).
-3
1 - (0 - -3) - (1 + 1)
-4
Evaluate 3 - (4 - 1 - (32 - 36)).
-4
Evaluate 3 + (0 - -2) + -4.
1
What is the value of -2 + -4 + 5 - (-10 + 10)?
-1
What is 1 - 1 - (-56 + 64)?
-8
What is (4 - 10) + -1 + 2?
-5
What is -3 - -2 - (4 + -2) - -3?
0
Calculate -2 - (-4 + (-5 - -6)).
1
Calculate (9 - (3 + 2)) + 0 + -3.
1
What is the value of 12 + 0 - (4 - -4)?
4
-13 + 4 - (-22 + 6)
7
3 - -1 - (15 + -4 + -4)
-3
Evaluate -30 + 23 - (-2 + -1).
-4
Calculate -17 + 3 - (-31 + 23).
-6
Evaluate -3 + 2 - ((7 - 2) + -4).
-2
What is the value of -6 - (0 - 8 - (-43 + 38))?
-3
What is the value of -23 + 35 + -5 + (-1 - 0)?
6
Calculate -19 + (14 - 4) - -2.
-7
What is the value of 51 + -45 + -1 + -3?
2
What is the value of (4 - (-4 + 13) - 0) + 3?
-2
Evaluate 5 - (6 - (8 - 10)).
-3
Calculate -6 - (-2 - (1 + 1)).
-2
Calculate -19 - (-11 + -9) - (0 - 7).
8
What is (-25 - -22) + (2 - 0)?
-1
0 + (18 - (21 + -11))
8
Evaluate 2 - (-4 - -3) - 2.
1
Evaluate 0 + (3 - (1 - (-5 - -3))).
0
Calculate -6 + (29 - 8) - 8.
7
2 + -10 + 4 + 6
2
What is -11 + (1 - -7) + 4?
1
Evaluate (-9 - (-2 - 2)) + 8 + -1.
2
Evaluate 1 + (0 - (6 + -4)).
-1
Evaluate -2 - ((4 - 6 - 2) + -3).
5
-3 + (0 - -11 - 3)
5
What is the value of -7 + (-4 + 4 - -2) + 12?
7
Calculate 4 - (2 + (-6 + 3 - -1)).
4
Evaluate (37 - 18) + -8 + -2.
9
What is the value of (4 - 3) + (1 - 1)?
1
-1 - 2 - (24 - 23)
-4
-5 - (1 + (4 - 11))
1
Evaluate 1 + (-8 - -3) + -1.
-5
Evaluate 6 + -1 + 5 + (-14 - -3).
-1
6 + (-3 - 7 - -4)
0
What is 2 + -8 - -8 - 2?
0
(3 - (-5 + 3)) + -12 + 10
3
What is 1 - 0 - (20 - 15) - -4?
0
Evaluate 8 + -1 + (-3 - (3 - 6)).
7
Evaluate 0 + (-11 - (6 - 13)).
-4
Evaluate ((22 - 3) + -2 - 3) + -7.
7
Calculate -6 + 20 + -16 - (-3 + 0).
1
What is the value of 2 + -3 + -1 + 4 + -5?
-3
Calculate -1 + 4 + -2 + -5.
-4
2 + 3 + -5 + (3 - 0)
3
What is the value of (4 - -1) + -8 - (-5 - 1)?
3
0 + (1 - (4 + -2)) + 3
2
What is 1 + -4 - (5 - 4)?
-4
13 - (1 + (8 - 1 - 1))
6
What is the value of (6 + -1 - 1 - 8) + 0?
-4
Evaluate (-19 - -26) + (1 - 10).
-2
What is the value of 8 + -2 - (8 + -1)?
-1
What is -5 - -9 - (-5 + 16)?
-7
What is -7 + 2 + 1 - -2?
-2
Evaluate (2 - 1) + (4 - 6).
-1
Calculate -3 + (-1 - -3 - -9 - 3).
5
Calculate -1 - (0 + -6) - (228 - 221).
-2
Evaluate -4 + -1 - (-3 - 2).
0
Calculate 2 + 4 - (-11 + 11 + 2).
4
Calculate -1 + (5 - (-4 - -2 - -5)).
1
Calculate -2 + (18 - 6) + (-1 - 5).
4
Calculate 58 - 59 - (-4 - -2).
1
Calculate -5 - 2 - (-8 + 2 - -2).
-3
Calculate -11 + (12 - 3) + 0.
-2
-4 + -1 + 11 + -4 + 0
2
Evaluate 8 - 7 - -4 - 4.
1
What is the value of -4 - (-15 - -7) - 2?
2
Calculate -3 - (-6 + -3 + 3).
3
What is the value of 3 - (6 + (-8 - -6) + 1)?
-2
-4 + 5 - -4 - 6
-1
What is -2 + -1 + 12 + (-24 - -16)?
1
(-2 - -3) + -3 + 4 - -1
3
What is the value of (3 - 0) + 1 - (-1 + 4)?
1
What is -1 - (-15 - -18 - (-1 + 1))?
-4
(8 - 4) + -13 + 5
-4
What is 14 + (2 + 6 - 16)?
6
Calculate 4 + -4 + -1 + 4 + -1.
2
What is (3 + 3 + -6 - 3) + 0?
-3
What is the value of 0 - 0 - -5 - (-13 - -14)?
4
Evaluate 13 + (1 - 7 - 3 - -2).
6
What is -1 - (0 + 5) - (-3 - 1)?
-2
What is 7 + -7 + (0 - -1 - 0)?
1
3 + -1 + 1 - (8 + -9)
4
0 - (6 + -6) - -10
10
What is the value of -6 - (7 + -17 + 9)?
-5
Calculate -5 + -10 + (-7 - -17).
-5
(5 - 5) + 1 - -3
4
What is the value of -1 - (6 + (-6 - -5) + -1)?
-5
Evaluate -3 + (4 + -8 - -8) + 3.
4
2 - (-5 + 8 - (2 - -1))
2
What is 6 - 3 - (-17 - -20)?
0
(2 + -18 - -18) + (1 - -3)
6
What is the value of -6 + 16 + -5 + 2 + -3?
4
Evaluate -18 + -18 + 35 - (0 - 8).
7
What is the value of -3 + 8 + -4 - 7?
-6
What is the value of (-1 - 1) + 15 + -8?
5
Evaluate 4 + 0 + -3 - (-2 - -2).
1
Evaluate 2 + -5 - -4 - 1.
0
Evaluate 2 + (-4 - 4) + 3.
-3
0 - (-1 + 0 - -4)
-3
Evaluate -1 + 5 - (0 + 3).
1
Calculate -3 + (3 + (3 - 4) - 2).
-3
What is (15 - 16) + (1 - (-1 + 6))?
-5
What is the value of -6 + -1 + -6 + 17 + -9?
-5
What is the value of (4 - (6 - 5)) + 3 + -1?
5
Evaluate (-197 - -203) + -8 + 1.
-1
Evaluate -4 - (-14 + (-8 - -1) + 13).
4
Calculate 9 + -13 + (10 - 0).
6
What is (15 - 11) + -4 - (4 - 1)?
-3
Calculate -5 + 20 + 1 + -11.
5
What is the value of -2 - 3 - (5 + -5)?
-5
What is the value of 6 + (-1 - (-5 - -5))?
5
What is -2 - -1 - (22 + -19)?
-4
Calculate (0 - (-4 + (-3 - -6))) + -3.
-2
Calculate 9 + 1 + (-16 - -12).
6
Calculate -8 + (0 - (-1 + -4)) + 5.
2
4 + 2 - (-5 - -13)
-2
Evaluate -1 + (-6 - -6) - (0 - 9).
8
What is the value of 3 + 5 - 8 - -2?
2
(-1 + 0 - -3) + 1
3
-2 - (-9 - -4 - -2)
1
4 - (-3 - (-6 + -3))
-2
What is the value of (21 - 3) + -2 - 9?
7
Evaluate (1 - 13) + 4 + (0 - -4).
-4
-2 + 7 + (1 - (5 + 4))
-3
(-6 + 1 - 4) + -3 + 7
-5
What is 5 + -2 + 2 - 9?
-4
Evaluate 2 - 0 - (2 - (3 + -2)).
1
-1 + (3 - (7 + -7)) + -5
-3
What is 0 + -2 + 2 + 2 + -2?
0
What is the value of 9 + 5 + -10 + 2 - 6?
0
What is (5 - -2) + -3 - 12?
-8
What is 14 + -19 + 10 - (-4 + 1)?
8
Calculate -2 - (-2 + -3 + 5) - -3.
1
0 - (-2 + -2 - -4)
0
What is the value of 1 + (-3 - (-8 - 0))?
6
Evaluate -4 - (1 - (-9 + 7)).
-7
Evaluate 5 + (-2 - 4) + -1 + 7.
5
-6 - (5 + -1 - (-5 + 5))
-10
What is the value of 0 + 8 + -1 + -4?
3
Evaluate -3 + (-5 - -7) - 0.
-1
What is the value of 10 - 0 - (18 - 15)?
7
What is the value of (2 + -1 - -3) + 57 + -59?
2
Calculate (1 - 3) + 7 + (-8 - -5).
2
What is (-7 - -1) + (5 - 3 - 0)?
-4
Evaluate 14 + -14 - (10 - 1).
-9
-2 - (0 - -3) - -4 - -4
3
0 - (1 - 1) - 3
-3
(5 - (16 + -5)) + 3
-3
Calculate -3 + -2 - (-1 + -6).
2
What is the value of (10 - (3 + -1)) + (-6 - -2)?
4
Evaluate (12 - 2) + -20 + 12.
2
Calculate (7 - (-3 - -5 - 1)) + -3.
3
Evaluate (9 - 6) + 3 + 4 + -2.
8
What is (1 - 2) + 5 + 11 + -17?
-2
Calculate 0 - (-2 - (-1 + 2 - -1)).
4
What is -1 - 2 - (11 - 18)?
4
Evaluate (10 - -8 - 7) + -2.
9
What is the value of -1 + (-1 - -2) + 3 - 6?
-3
Evaluate (4 - (-1 + 2)) + (3 - 2).
4
Evaluate -80 + 75 + -2 + -3.
-10
What is -14 - ((0 - 2) + -6)?
-6
9 + (-2 + 3 - -3 - 7)
6
What is the value of 9 - (16 + -19 + (6 - -1))?
5
What is the value of -1 + 0 + (-1 - -2) + -3?
-3
2 + 2 - (5 + -3 + -2)
4
3 - ((0 - 4) + 4 + 1)
2
What is the value of (5 - 0) + 8 + -8 + -6?
-1
Calculate 17 + 0 + -14 - (5 + -1).
-1
5 + -11 + -2 + 3 + 3
-2
Evaluate -2 - (-2 - (-4 - -1)).
-3
1 + -10 + 4 - -5
0
Calculate 2 + 0 + (7 - 6) + 0.
3
Calculate 3 + -7 + 0 + (-8 - -10).
-2
Calculate 0 + 8 + (-11 - -1).
-2
What is the value of 7 + -12 + (-3 + 3 - -11)?
6
(-3 - (-16 - -3)) + -5
5
0 + 1 + (-58 - -58)
1
1 - ((5 - 1) + (2 - 4))
-1
What is 3 + -2 + 4 - (15 - 4)?
-6
What is the value of (-1 - -2 - (35 + -25)) + 1?
-8
What is the value of -1 - 0 - -3 - (0 - -1)?
1
Evaluate (-14 - -9) + -2 + 6.
-1
What is -5 + (1 - ((-6 - -11) + -12))?
3
What is the value of -1 - (4 + -11) - 1?
5
What is 5 + -5 + (0 - -5)?
5
What is 3 + 1 + (-59 - -51) - 0?
-4
Evaluate 7 - (7 + (-5 - -4)).
1
What is 2 - 3 - (4 - -4 - 9)?
0
What is the value of -5 + 5 + -5 + 8 + -5?
-2
What is 3 - (-4 + 0 - -4)?
3
(2 - (-3 + 1) - 3) + -3
-2
What is the value of -6 + 4 + 6 + -8 + 3?
-1
Evaluate -9 - (5 - (5 + 6 + 0)).
-3
Calculate -4 - ((7 - 3) + -5).
-3
What is 1 - (6 + 5 + 0 + -5)?
-5
What is the value of -5 - (1 + 0) - -8?
2
-1 - (-3 - (-1 + -3))
-2
-9 + (-2 - -2 - -5) - -6
2
1 + 1 - -5 - (8 + -1)
0
What is the value of -7 + (-1 - (-3 - (4 + -3)))?
-4
What is -2 - 0 - (6 + -4 + -5)?
1
-1 + 1 + -2 + 0 + 0
-2
Calculate 4 - -2 - (-5 - -6).
5
Evaluate 6 + 0 - (1 + 9 - 10).
6
2 + 2 + -7 + -2 + 2
-3
What is 4 + -8 + 2 + 6 + -3?
1
-3 - (-5 - ((-5 - -2) + 2))
1
What is 0 + 3 + 0 + -6 + 5?
2
-1 + -17 + 6 + 1 + 